he remainder when 14 is divided by l.
4
Let w = 75 + -51. Suppose -8*a + 172 + 188 = 0. What is the remainder when a is divided by w?
21
Suppose 0 = 4*t - 5*t - 5*k + 20, -k + 1 = 0. Suppose -5*x + t = -45. Calculate the remainder when x is divided by 5.
2
Suppose 5*n - 27 = -12. Calculate the remainder when 33 is divided by (19 - 1)*2/n.
9
Suppose 4 = -5*s - 1. Let u be -2 + (s - -1) + 1. What is the remainder when (u + -2)*(-60)/18 is divided by 6?
4
Let w = 67 - 45. What is the remainder when 83 is divided by w?
17
Suppose -x - x = -108. What is the remainder when x is divided by 12?
6
Suppose -4*y + 20 - 60 = 0. Suppose w + 47 = 2*k, k + 3*k = w + 89. Calculate the remainder when k is divided by (-8)/(-6)*(-45)/y.
3
What is the remainder when (-3 - -2) + 155/5 is divided by 11?
8
Let z(l) = -l**3 + 2*l**2 - 3*l - 3. What is the remainder when z(-4) is divided by (3/(-4))/(-1) - 9447/(-268)?
33
Let c = -12 + 29. Let m be -1*155*4/(-10). Let o = -30 + m. What is the remainder when o is divided by c?
15
Suppose 0 = -5*p + 275 + 390. What is the remainder when p is divided by 34?
31
Calculate the remainder when (40/3)/(-4)*(-12)/8 is divided by 1.
0
Let x(g) = g + 17. Suppose 4 = 4*i - 0. What is the remainder when x(-7) is divided by i*8 - (1 + 1)?
4
Let l(u) = -5*u - 6. Let d be l(-9). Let v = 64 - d. Calculate the remainder when v is divided by 9.
7
Let w(c) = c**3 - 5*c**2 - 5*c - 5. Let x be w(6). Let r = 13 + x. What is the remainder when r is divided by (-1 - -5)*(0 + 2)?
6
Let v(g) = g - 2. Let s(z) = 4*z**3 - 2*z**2 + z. Let k be s(1). Suppose y = -k*y + 8. Calculate the remainder when y is divided by v(3).
0
Suppose 2*r = -6*u + 3*u - 5, -4*u + 4*r + 20 = 0. Calculate the remainder when 19 is divided by (-12)/(-4)*u + 4.
5
Let a = -57 - -84. What is the remainder when 51 is divided by a?
24
Suppose -5*s + 41 = -54. Suppose -90 = 3*q - 8*q. Suppose -4*x - 2*u = -46, -x - 5 = u - q. Calculate the remainder when s is divided by x.
9
Let y(n) be the first derivative of n**3/3 - 3*n**2 + 6*n + 2. Let r be y(5). Calculate the remainder when ((-58)/8)/(r/(-4)) is divided by 10.
9
Suppose -3*b = -41 - 16. Suppose 177 = 5*i - a, 2*a - 189 = -5*i - a. What is the remainder when i is divided by b?
17
Let n = 115 + -69. What is the remainder when n is divided by 16?
14
Let x(j) = 1. Let t(u) = -66*u**2 - 6. Let q(d) = -t(d) - 5*x(d). What is the remainder when q(1) is divided by (-106)/(-6) - (-2)/(-3)?
16
Let h = -34 + 140. What is the remainder when h is divided by 36?
34
Let g = 3 + 2. Suppose 3*m + s = -0*s + 279, -s = -g*m + 473. What is the remainder when m is divided by 19?
18
Let t = 7 - 2. Let c(y) = 3*y - 7. What is the remainder when 0 + 0/(-3) + 23 is divided by c(t)?
7
Let a(y) be the third derivative of 0*y + 0 + 2*y**2 - 1/2*y**3 + 1/12*y**4. Calculate the remainder when 44 is divided by a(9).
14
Let d(y) = 8*y**2 + y - 1. What is the remainder when ((-174)/(-12))/(2/4) is divided by d(1)?
5
Let i(x) = 3*x**2 + x + 2. What is the remainder when 49 is divided by i(-3)?
23
Let r(y) = -11*y - 1. Let b(k) = 4*k. Let t(l) = 17*b(l) + 6*r(l). What is the remainder when 34 is divided by t(9)?
10
Let n(w) = -w**3 - 11*w**2 - 4*w + 2. What is the remainder when n(-11) is divided by 24?
22
Let y(o) = 2*o**3 - 10*o**2 - 7*o + 2. Calculate the remainder when 61 is divided by y(6).
29
Let l = 473 - 662. Let u be 0 - (-42)/(-3 - 0). Calculate the remainder when 39 is divided by l/u + 2/4.
11
Let r be (-2 + 3/2)*-4. Suppose -2*s = r*n - 1 - 33, -5*s - 2*n + 79 = 0. Calculate the remainder when 58 is divided by s.
13
Suppose 3*s - 61 = 23. Suppose 0*w - 10 = -w. What is the remainder when s is divided by w?
8
Suppose 0 = 3*h - o - 19, 5*h + 4*o = o + 13. What is the remainder when 18 is divided by h?
3
Let y be ((-6)/9)/((-4)/30). Suppose 4 - 19 = -y*k. Calculate the remainder when 10 is divided by k.
1
Let x(k) = -k**2 - 17*k + 7. Calculate the remainder when x(-12) is divided by 23.
21
Suppose 2*k = -0*k + 4*q - 6, -2*k = q - 19. Calculate the remainder when 11 is divided by k.
4
Suppose 421 = 16*c - 587. Suppose 76 = 3*k + 5*t, 5*k = -0*k + 5*t + 100. Calculate the remainder when c is divided by k.
19
Suppose 0*n - 12 = -n. Let r(b) = b**2 - 8*b - 2. Calculate the remainder when r(n) is divided by 12.
10
Suppose 3*m + 0*m = 12. Suppose 5*p + 12 = -4*d + 85, -2*p - m*d = -34. Suppose 0 = 10*w - 22 - 228. Calculate the remainder when w is divided by p.
12
Let h(d) = 4*d - 13. Calculate the remainder when 26 is divided by h(7).
11
Let q(x) = 6*x - 1. Let v be q(3). Suppose v - 164 = -3*s. Calculate the remainder when s is divided by 17.
15
Let i(w) = -w**2 + 5*w + 13. Calculate the remainder when 11 is divided by i(6).
4
Let b be (-1)/(1 - 60/59). Let i = b + -39. What is the remainder when i is divided by 11?
9
Suppose 2*v + 2*c - 111 = -3*c, 5*c - 240 = -5*v. What is the remainder when v is divided by 22?
21
Calculate the remainder when (-138)/(-5) - (-10)/25 is divided by 6.
4
Suppose 0 = 6*s - 0*s - 126. Let b(o) = o**3 - 2*o**2 - 8*o + 5. Calculate the remainder when b(5) is divided by s.
19
Suppose -25*c + 20*c + 95 = 0. Calculate the remainder when 56 is divided by c.
18
Suppose -4*r - k - k = -116, 2*k = 4*r - 116. Calculate the remainder when 55 is divided by r.
26
Suppose 2*c - 11 = l, c + 4*c = -3*l. Suppose -5*t = -c*t - 4. What is the remainder when 2 is divided by t?
0
Suppose 0*t + 2*t = -j + 4, -20 = 5*t. Calculate the remainder when 24 is divided by -3 + 3 + 1 + j.
11
Suppose 4*x - 17 - 3 = 0. Suppose h - 77 = 3*u, 3*h + 0*h - 15 = 0. Let m = 38 + u. What is the remainder when m is divided by x?
4
Let b = 12 + -2. Calculate the remainder when 17 is divided by b.
7
Let n(u) be the third derivative of u**4/3 + u**3 - 5*u**2. What is the remainder when n(6) is divided by 19?
16
Let y = 16 + -14. Suppose 0*r = r - y. What is the remainder when r is divided by 1?
0
Let m(y) = 9*y**3 + 2*y**2 + 2*y - 3. Let c be (-5)/(-35) - 13/(-7). Calculate the remainder when m(c) is divided by 21.
18
Suppose 0*a + h + 15 = 3*a, 0 = -3*h. Let y(n) = n**2 + 5*n + 2. Let v be y(-5). What is the remainder when ((-2)/(-1))/(v/8) is divided by a?
3
Let u be ((-2)/6)/((-1)/(-9)). Let n = u - -16. Calculate the remainder when 38 is divided by n.
12
Let l(u) = u**2 + 3*u - 9. Let a = 17 + -11. Calculate the remainder when l(a) is divided by 16.
13
Suppose -w = -j - 0*j - 5, 3*j = 6. Calculate the remainder when 33 is divided by w.
5
Let s(j) = j**2 - 8*j + 1. Let z = 38 - 16. Calculate the remainder when s(-6) is divided by z.
19
Suppose 3*r + 44 - 9 = 4*w, w = -5*r - 20. Suppose 13 = -4*z - 5*s, -8 = 4*s + 12. What is the remainder when w is divided by z?
2
Suppose -3*w + 3*u + 9 = 0, u - 2 = -5*w + 1. Calculate the remainder when 3 is divided by w.
0
Let d(f) = -2*f - 2. What is the remainder when (-282)/(-6) - 2/1 is divided by d(-7)?
9
Let p(m) = -m**3 - 6*m**2 - 2*m + 9. Let h be p(-7). Let i = -50 + h. Calculate the remainder when 32 is divided by (i/(-6))/(3/(-9)).
10
Suppose 0 = -2*r - s + 57, -2*r + s = -3*s - 62. What is the remainder when r is divided by 2/5 + 96/10?
9
Let j = 45 - 11. Suppose 5*r = -3*i + j, 9 + 12 = 3*r + 2*i. What is the remainder when 8 is divided by r?
3
Let d(v) = 30*v**3 - v**2 - v + 1. Calculate the remainder when d(1) is divided by 130/39*(-24)/(-10).
5
Let k = 21 + -12. Let y = -6 - -6. Suppose -i - 5*q + 10 = -7, 3*q = y. Calculate the remainder when i is divided by k.
8
Let g be -9*1 + -4 + 1. Let i = 19 + g. Calculate the remainder when 19 is divided by i.
5
Suppose -4*f + 2*f + 58 = 0. Suppose 0 = -5*p + 3*c - f + 291, 5*p + 3*c - 238 = 0. Calculate the remainder when p is divided by 17.
16
Suppose -f = -3*f + 8. Suppose 0 = -2*o + f. What is the remainder when 6 is divided by o?
0
Suppose -3*i + 87 = 3*n, -2 + 0 = -n. What is the remainder when 215 is divided by i?
26
What is the remainder when 16 is divided by 106/10 + -8 + (-168)/(-20)?
5
Let w be 466/10 + 2/5. Suppose 0 - 4 = 2*a, a = 3*q + 55. Let g = w + q. What is the remainder when g is divided by 10?
8
Suppose 0 = 4*j - c - 16, 4*j + 2*c - 6*c - 16 = 0. Suppose j*f = -20, 3*z - 2*f - 62 = z. Calculate the remainder when z is divided by 9.
8
Let u(m) = 